{"id":580,"date":"2023-03-20T19:33:23","date_gmt":"2023-03-20T23:33:23","guid":{"rendered":"http:\/\/www.inspectionsh.com\/?page_id=580"},"modified":"2024-03-04T08:03:52","modified_gmt":"2024-03-04T13:03:52","slug":"a-propos-de-nous","status":"publish","type":"page","link":"https:\/\/www.inspectionsh.com\/index.php\/a-propos-de-nous\/","title":{"rendered":"\u00c0 propos de nous"},"content":{"rendered":"\n<p>Inspection SH vous propose des services d&#8217;inspection de qualit\u00e9, fiables et courtois partout dans la grande r\u00e9gion m\u00e9tropolitaine, de la Rive-Sud aux Laurentides. Nous mettons nos connaissances et notre savoir-faire \u00e0 votre service, afin de vous fournir les outils n\u00e9cessaires pour que vous puissiez prendre une d\u00e9cision \u00e9clair\u00e9e lors de l&#8217;achat ou de la vente d&#8217;une propri\u00e9t\u00e9. Pour nous, chaque propri\u00e9t\u00e9 est diff\u00e9rente, c&#8217;est pourquoi nous portons une attention particuli\u00e8re \u00e0 chaque d\u00e9tail, afin de vous donner le portrait le plus juste et pr\u00e9cis possible de son \u00e9tat. Tout au long de la visite d&#8217;une propri\u00e9t\u00e9, nous fournissons \u00e0 nos clients plusieurs informations utiles, en les adaptant \u00e0 leurs niveaux de connaissances.<\/p>\n\n\n\n<p>Chez Inspection SH, nous comprenons que l&#8217;achat d&#8217;une propri\u00e9t\u00e9 est un investissement majeur. Nous sommes \u00e9quip\u00e9s des outils n\u00e9cessaires pour rep\u00e9rer les signes de probl\u00e8mes que pourrait receler votre future propri\u00e9t\u00e9, autant que pour en identifier ses points positifs. Nous vous fournirons des recommandations et un rapport d\u00e9taill\u00e9, avec photos \u00e0 l&#8217;appui, pour que vous puissiez prendre une d\u00e9cision \u00e9clair\u00e9e.<\/p>\n\n\n\n<p>Nous offrons des d\u00e9lais rapides pour effectuer l&#8217;inspection de votre propri\u00e9t\u00e9, et la production du rapport d\u00e9taill\u00e9 est effectu\u00e9e sous un d\u00e9lai de 24 \u00e0 48 heures. Nous sommes \u00e9galement pleinement assur\u00e9s pour votre protection.<\/p>\n\n\n\n<div style=\"height:60px\" aria-hidden=\"true\" class=\"wp-block-spacer\"><\/div>\n\n\n\n<div class=\"wp-block-columns is-layout-flex wp-container-core-columns-is-layout-9d6595d7 wp-block-columns-is-layout-flex\">\n<div class=\"wp-block-column is-layout-flow wp-block-column-is-layout-flow\"><\/div>\n\n\n\n<div class=\"wp-block-column is-layout-flow wp-block-column-is-layout-flow\">\n<div style=\"height:53px\" aria-hidden=\"true\" class=\"wp-block-spacer\"><\/div>\n\n\n\n<p class=\"has-text-align-center has-large-font-size\"><strong><em>Votre inspecteur<\/em><\/strong><\/p>\n\n\n\n<p class=\"has-text-align-center\">Jacques B\u00e9liveau (AIBQ 21745)<\/p>\n<\/div>\n\n\n\n<div class=\"wp-block-column is-layout-flow wp-block-column-is-layout-flow\">\n<figure class=\"wp-block-image size-large\"><img decoding=\"async\" src=\"http:\/\/www.inspectionsh.com\/wp-content\/uploads\/2023\/04\/IMG_6993b.jpg\" alt=\"\"\/><\/figure>\n<\/div>\n\n\n\n<div class=\"wp-block-column is-layout-flow wp-block-column-is-layout-flow\"><\/div>\n<\/div>\n","protected":false},"excerpt":{"rendered":"<p>Inspection SH vous propose des services d&#8217;inspection de qualit\u00e9, fiables et courtois partout dans la grande r\u00e9gion m\u00e9tropolitaine, de la Rive-Sud aux Laurentides. Nous mettons nos connaissances et notre savoir-faire \u00e0 votre service, afin de vous fournir les outils n\u00e9cessaires pour que vous puissiez prendre une d\u00e9cision \u00e9clair\u00e9e lors de &hellip;<\/p>\n","protected":false},"author":1,"featured_media":0,"parent":0,"menu_order":0,"comment_status":"closed","ping_status":"closed","template":"","meta":{"footnotes":""},"class_list":["post-580","page","type-page","status-publish","hentry"],"_links":{"self":[{"href":"https:\/\/www.inspectionsh.com\/index.php\/wp-json\/wp\/v2\/pages\/580","targetHints":{"allow":["GET"]}}],"collection":[{"href":"https:\/\/www.inspectionsh.com\/index.php\/wp-json\/wp\/v2\/pages"}],"about":[{"href":"https:\/\/www.inspectionsh.com\/index.php\/wp-json\/wp\/v2\/types\/page"}],"author":[{"embeddable":true,"href":"https:\/\/www.inspectionsh.com\/index.php\/wp-json\/wp\/v2\/users\/1"}],"replies":[{"embeddable":true,"href":"https:\/\/www.inspectionsh.com\/index.php\/wp-json\/wp\/v2\/comments?post=580"}],"version-history":[{"count":13,"href":"https:\/\/www.inspectionsh.com\/index.php\/wp-json\/wp\/v2\/pages\/580\/revisions"}],"predecessor-version":[{"id":974,"href":"https:\/\/www.inspectionsh.com\/index.php\/wp-json\/wp\/v2\/pages\/580\/revisions\/974"}],"wp:attachment":[{"href":"https:\/\/www.inspectionsh.com\/index.php\/wp-json\/wp\/v2\/media?parent=580"}],"curies":[{"name":"wp","href":"https:\/\/api.w.org\/{rel}","templated":true}]}}