{"id":500,"date":"2023-03-09T17:23:22","date_gmt":"2023-03-09T22:23:22","guid":{"rendered":"http:\/\/www.inspectionsh.com\/?page_id=500"},"modified":"2024-03-04T08:03:26","modified_gmt":"2024-03-04T13:03:26","slug":"500-2","status":"publish","type":"page","link":"https:\/\/www.inspectionsh.com\/","title":{"rendered":"Accueil"},"content":{"rendered":"\n<div class=\"wp-block-columns is-layout-flex wp-container-core-columns-is-layout-9d6595d7 wp-block-columns-is-layout-flex\">\n<div class=\"wp-block-column is-layout-flow wp-block-column-is-layout-flow\">\n<p>Que ce soit pour l&rsquo;achat, la vente, ou tout simplement pour vous assurer de la conformit\u00e9 de votre propri\u00e9t\u00e9, faites appel \u00e0 des professionnels certifi\u00e9s qui r\u00e9pondent aux exigences d&rsquo;une norme de pratique professionnelle et bien encadr\u00e9e. L&rsquo;inspection d&rsquo;un b\u00e2timent n&rsquo;est pas \u00e0 prendre \u00e0 la l\u00e9g\u00e8re, et il n&rsquo;est pas toujours facile d&rsquo;observer et de comprendre le fonctionnement et les interactions des composantes d&rsquo;une propri\u00e9t\u00e9.<\/p>\n\n\n\n<p>Inspection SH est une entreprise d&rsquo;inspection immobili\u00e8re qui se soucie du bien-\u00eatre de ses clients. Nos inspecteurs, membres de l&rsquo;Association des Inspecteurs en B\u00e2timents du Qu\u00e9bec (AIBQ), sont comp\u00e9tents et qualifi\u00e9s pour vous donner une \u00e9valuation juste et d\u00e9taill\u00e9e de l&rsquo;\u00e9tat de votre propri\u00e9t\u00e9<\/p>\n\n\n\n<hr class=\"wp-block-separator has-alpha-channel-opacity is-style-wide\"\/>\n\n\n\n<div class=\"wp-block-columns is-layout-flex wp-container-core-columns-is-layout-9d6595d7 wp-block-columns-is-layout-flex\">\n<div class=\"wp-block-column is-layout-flow wp-block-column-is-layout-flow\">\n<h2 class=\"wp-block-heading has-text-align-center has-large-font-size\" style=\"text-transform:none\"><a href=\"http:\/\/www.inspectionsh.com\/index.php\/inspection-preachat\/\"><strong><em>Pr\u00e9achat<\/em><\/strong><\/a><\/h2>\n\n\n\n<figure class=\"wp-block-image size-large\"><a href=\"http:\/\/www.inspectionsh.com\/index.php\/inspection-preachat\/\"><img decoding=\"async\" src=\"http:\/\/www.inspectionsh.com\/wp-content\/uploads\/2023\/04\/Acc_pachat.jpg\" alt=\"Pr\u00e9achat\"\/><\/a><\/figure>\n\n\n\n<p>Ce type d&rsquo;inspection est r\u00e9alis\u00e9 avant que vous ne proc\u00e9diez \u00e0 l&rsquo;acquisition d&rsquo;une propri\u00e9t\u00e9<\/p>\n<\/div>\n\n\n\n<div class=\"wp-block-column is-layout-flow wp-block-column-is-layout-flow\">\n<h2 class=\"wp-block-heading has-text-align-center has-large-font-size\"><a href=\"http:\/\/www.inspectionsh.com\/index.php\/inspection-prevente\/\"><strong><em>Pr\u00e9vente<\/em><\/strong><\/a><\/h2>\n\n\n\n<figure class=\"wp-block-image size-large\"><a href=\"http:\/\/www.inspectionsh.com\/index.php\/inspection-prevente\/\"><img decoding=\"async\" src=\"http:\/\/www.inspectionsh.com\/wp-content\/uploads\/2023\/04\/Acc_pvente.jpg\" alt=\"Pr\u00e9vente\"\/><\/a><\/figure>\n\n\n\n<p>Lorsque vous \u00eates propri\u00e9taire et souhaitez vendre votre propri\u00e9t\u00e9<\/p>\n<\/div>\n\n\n\n<div class=\"wp-block-column is-layout-flow wp-block-column-is-layout-flow\">\n<h2 class=\"wp-block-heading has-text-align-center has-large-font-size\"><a href=\"http:\/\/www.inspectionsh.com\/index.php\/inspection-prereception\/\"><strong><em>Pr\u00e9r\u00e9ception<\/em><\/strong><\/a><\/h2>\n\n\n\n<figure class=\"wp-block-image size-large\"><a href=\"http:\/\/www.inspectionsh.com\/index.php\/inspection-prereception\/\"><img decoding=\"async\" src=\"http:\/\/www.inspectionsh.com\/wp-content\/uploads\/2023\/04\/Acc_preception.jpg\" alt=\"Pr\u00e9r\u00e9ception\"\/><\/a><\/figure>\n\n\n\n<p>Lorsque vous achetez une propri\u00e9t\u00e9 neuve, et qu&rsquo;elle est livr\u00e9e par votre entrepreneur.<\/p>\n<\/div>\n<\/div>\n\n\n\n<hr class=\"wp-block-separator has-alpha-channel-opacity is-style-wide\"\/>\n\n\n\n<p>Nous offrons des d\u00e9lais rapides pour l&rsquo;inspection de votre propri\u00e9t\u00e9, et la production d\u2019un rapport d\u00e9taill\u00e9 effectu\u00e9e dans un d\u00e9lai de 24 \u00e0 48 heures.<\/p>\n\n\n\n<p>Si vous recherchez une entreprise d&rsquo;inspection immobili\u00e8re comp\u00e9tente, fiable et digne de confiance dans le Grand Montr\u00e9al et ses environs, contactez <a href=\"http:\/\/www.inspectionsh.com\/index.php\/contactez-nous\/\">Inspection SH<\/a> d\u00e8s aujourd&rsquo;hui pour une \u00e9valuation de votre propri\u00e9t\u00e9!<\/p>\n\n\n\n<div style=\"height:100px\" aria-hidden=\"true\" class=\"wp-block-spacer\"><\/div>\n\n\n\n<h2 class=\"wp-block-heading has-text-align-center\">R\u00e9gions couvertes<\/h2>\n\n\n\n<hr class=\"wp-block-separator has-alpha-channel-opacity\"\/>\n\n\n\n<p class=\"has-text-align-center\">Nous couvrons la grande r\u00e9gion M\u00e9tropolitaine, mais pouvons nous d\u00e9placer plus loin sur demande.<\/p>\n<\/div>\n<\/div>\n\n\n<div class=\"wp-block-image is-style-rounded\">\n<figure class=\"aligncenter size-large\"><img decoding=\"async\" src=\"http:\/\/www.inspectionsh.com\/wp-content\/uploads\/2023\/03\/Zones-dinspection.png\" alt=\"\"\/><\/figure>\n<\/div>","protected":false},"excerpt":{"rendered":"<p>Que ce soit pour l&rsquo;achat, la vente, ou tout simplement pour vous assurer de la conformit\u00e9 de votre propri\u00e9t\u00e9, faites appel \u00e0 des professionnels certifi\u00e9s qui r\u00e9pondent aux exigences d&rsquo;une norme de pratique professionnelle et bien encadr\u00e9e. L&rsquo;inspection d&rsquo;un b\u00e2timent n&rsquo;est pas \u00e0 prendre \u00e0 la l\u00e9g\u00e8re, et il n&rsquo;est &hellip;<\/p>\n","protected":false},"author":1,"featured_media":0,"parent":0,"menu_order":0,"comment_status":"closed","ping_status":"closed","template":"","meta":{"footnotes":""},"class_list":["post-500","page","type-page","status-publish","hentry"],"_links":{"self":[{"href":"https:\/\/www.inspectionsh.com\/index.php\/wp-json\/wp\/v2\/pages\/500","targetHints":{"allow":["GET"]}}],"collection":[{"href":"https:\/\/www.inspectionsh.com\/index.php\/wp-json\/wp\/v2\/pages"}],"about":[{"href":"https:\/\/www.inspectionsh.com\/index.php\/wp-json\/wp\/v2\/types\/page"}],"author":[{"embeddable":true,"href":"https:\/\/www.inspectionsh.com\/index.php\/wp-json\/wp\/v2\/users\/1"}],"replies":[{"embeddable":true,"href":"https:\/\/www.inspectionsh.com\/index.php\/wp-json\/wp\/v2\/comments?post=500"}],"version-history":[{"count":50,"href":"https:\/\/www.inspectionsh.com\/index.php\/wp-json\/wp\/v2\/pages\/500\/revisions"}],"predecessor-version":[{"id":973,"href":"https:\/\/www.inspectionsh.com\/index.php\/wp-json\/wp\/v2\/pages\/500\/revisions\/973"}],"wp:attachment":[{"href":"https:\/\/www.inspectionsh.com\/index.php\/wp-json\/wp\/v2\/media?parent=500"}],"curies":[{"name":"wp","href":"https:\/\/api.w.org\/{rel}","templated":true}]}}